{"id":36,"date":"2015-07-09T13:56:09","date_gmt":"2015-07-09T13:56:09","guid":{"rendered":"https:\/\/reich-der-bilder.de\/?page_id=36"},"modified":"2022-06-24T11:00:54","modified_gmt":"2022-06-24T11:00:54","slug":"wissenschaftliche-dokumentation","status":"publish","type":"page","link":"https:\/\/reich-der-bilder.de\/?page_id=36","title":{"rendered":"Wissenschaftliche Dokumentation"},"content":{"rendered":"<div id=\"pl-36\"  class=\"panel-layout\" ><div id=\"pg-36-0\"  class=\"panel-grid panel-no-style\" ><div id=\"pgc-36-0-0\"  class=\"panel-grid-cell\" ><div id=\"panel-36-0-0-0\" class=\"so-panel widget widget_text panel-first-child panel-last-child\" data-index=\"0\" >\t\t\t<div class=\"textwidget\">&nbsp;\n<iframe src=\"https:\/\/player.vimeo.com\/video\/246674999\" frameborder=\"0\" webkitallowfullscreen mozallowfullscreen allowfullscreen><\/iframe>\n\n\n&nbsp;<\/div>\n\t\t<\/div><\/div><div id=\"pgc-36-0-1\"  class=\"panel-grid-cell\" ><div id=\"panel-36-0-1-0\" class=\"so-panel widget widget_text panel-first-child panel-last-child\" data-index=\"1\" ><h3 class=\"widget-title\">Bun Phra Wet: Film zur Ausstellung \u201eHinGabe\u201c<\/h3>\t\t\t<div class=\"textwidget\"><p>Film zur Ausstellung \u201eHinGabe\u201c im V\u00f6lkerkundemuseum der Universit\u00e4t Z\u00fcrich, 2017\/2018. Die Aufnahmen entstanden 2015 im Rahmen der vorbereitenden Feldforschungen und zeigen den Ablauf des zweit\u00e4gigen Festes zu Ehren des Prinzen Vessantara im Tempel B\u0101n Kham Kwang bei Ubon Ratchathani.<\/p>\n<p>Die Handlung beginnt mit den Festvorbereitungen; zu sehen sind das Schm\u00fccken des Tempels, die Zubereitung von Speisen und die Prozession mit dem Rollbild. Es folgt der wichtigste Teil des Festes \u2013 die Rezitation; der Film endet mit der Aufl\u00f6sung der Feier und den Aufr\u00e4umarbeiten.<\/p>\n<p>&nbsp;<\/p>\n<p>&nbsp;<\/p>\n<\/div>\n\t\t<\/div><\/div><\/div><div id=\"pg-36-1\"  class=\"panel-grid panel-no-style\" ><div id=\"pgc-36-1-0\"  class=\"panel-grid-cell\" ><div id=\"panel-36-1-0-0\" class=\"so-panel widget widget_text panel-first-child panel-last-child\" data-index=\"2\" >\t\t\t<div class=\"textwidget\">&nbsp;\n\n<iframe src=\"https:\/\/player.vimeo.com\/video\/155228191\" frameborder=\"0\" webkitallowfullscreen mozallowfullscreen allowfullscreen><\/iframe>\n\n&nbsp;<\/div>\n\t\t<\/div><\/div><div id=\"pgc-36-1-1\"  class=\"panel-grid-cell\" ><div id=\"panel-36-1-1-0\" class=\"so-panel widget widget_text panel-first-child panel-last-child\" data-index=\"3\" ><h3 class=\"widget-title\">Das Bun Phra Wet Fest in Thailand. (Ausschnitt)<\/h3>\t\t\t<div class=\"textwidget\"><p>Kurzfilm f\u00fcr die Wanderausstellung \"The Buddha\" im Reichsmuseum f\u00fcr V\u00f6lkerkunde Leiden und im Tropenmuseum Amsterdam, 2016. Am Beispiel eines Dorfes im Nordosten Thailands zeigt der Film die Verwendung einer Bilderrolle bei dem j\u00e4hrlich stattfindenden buddhistischen Fest bun phra wet.<br \/>\nDie Aufnahmen entstanden im Rahmen eines Forschungsprojektes des V\u00f6lkerkundemuseums der Universit\u00e4t Z\u00fcrich im M\u00e4rz und April 2015.<\/p>\n<p>&nbsp;&nbsp;<\/p>\n<p>&nbsp;&nbsp;<\/p>\n<p>&nbsp;<br \/>\n&nbsp;<\/p>\n<\/div>\n\t\t<\/div><\/div><\/div><div id=\"pg-36-2\"  class=\"panel-grid panel-no-style\" ><div id=\"pgc-36-2-0\"  class=\"panel-grid-cell\" ><div id=\"panel-36-2-0-0\" class=\"so-panel widget widget_text panel-first-child panel-last-child\" data-index=\"4\" >\t\t\t<div class=\"textwidget\">&nbsp;\n\n<iframe src=\"https:\/\/player.vimeo.com\/video\/145625073\" frameborder=\"0\" webkitallowfullscreen mozallowfullscreen allowfullscreen><\/iframe>\n\n&nbsp;<\/div>\n\t\t<\/div><\/div><div id=\"pgc-36-2-1\"  class=\"panel-grid-cell\" ><div id=\"panel-36-2-1-0\" class=\"so-panel widget widget_text panel-first-child panel-last-child\" data-index=\"5\" ><h3 class=\"widget-title\">Arch\u00e4ologie im Hochgebirge &#8211; Kupferproduktion in Graub\u00fcnden<\/h3>\t\t\t<div class=\"textwidget\"><p>Mehrere Wochen im Jahr erforschen Arch\u00e4ologen\/innen und Studierende der Universit\u00e4t Z\u00fcrich unter Leitung von Rouven Turck die Bergbaugeschichte im Hochgebirge des Oberhalbsteins (Graub\u00fcnden\/Schweiz). Der Film aus dem Grabungsjahr 2015 verdeutlicht in Beispielen die Befundsituation vor Ort und geht auf die vielschichtige Arbeitsweise sowie Fragestellungen der Arch\u00e4ologen ein. Inhaltlich richtet sich die Produktion an Studierende der Arch\u00e4ologie und am Fach interessierte Personen.  <\/p>\n<p>&nbsp;&nbsp;<\/p>\n<p>&nbsp;&nbsp;<\/p>\n<p>&nbsp;<br \/>\n&nbsp;<\/p>\n<\/div>\n\t\t<\/div><\/div><\/div><\/div>","protected":false},"excerpt":{"rendered":"<p>&nbsp; &nbsp; Film zur Ausstellung \u201eHinGabe\u201c im V\u00f6lkerkundemuseum der Universit\u00e4t Z\u00fcrich, 2017\/2018. Die Aufnahmen entstanden 2015 im Rahmen der vorbereitenden Feldforschungen und zeigen den Ablauf des zweit\u00e4gigen Festes zu Ehren des Prinzen Vessantara im Tempel B\u0101n Kham Kwang bei Ubon &hellip; <a href=\"https:\/\/reich-der-bilder.de\/?page_id=36\">Weiterlesen<\/a><\/p>\n","protected":false},"author":1,"featured_media":0,"parent":0,"menu_order":0,"comment_status":"open","ping_status":"open","template":"page-fullwidth.php","meta":[],"_links":{"self":[{"href":"https:\/\/reich-der-bilder.de\/index.php?rest_route=\/wp\/v2\/pages\/36"}],"collection":[{"href":"https:\/\/reich-der-bilder.de\/index.php?rest_route=\/wp\/v2\/pages"}],"about":[{"href":"https:\/\/reich-der-bilder.de\/index.php?rest_route=\/wp\/v2\/types\/page"}],"author":[{"embeddable":true,"href":"https:\/\/reich-der-bilder.de\/index.php?rest_route=\/wp\/v2\/users\/1"}],"replies":[{"embeddable":true,"href":"https:\/\/reich-der-bilder.de\/index.php?rest_route=%2Fwp%2Fv2%2Fcomments&post=36"}],"version-history":[{"count":12,"href":"https:\/\/reich-der-bilder.de\/index.php?rest_route=\/wp\/v2\/pages\/36\/revisions"}],"predecessor-version":[{"id":1049,"href":"https:\/\/reich-der-bilder.de\/index.php?rest_route=\/wp\/v2\/pages\/36\/revisions\/1049"}],"wp:attachment":[{"href":"https:\/\/reich-der-bilder.de\/index.php?rest_route=%2Fwp%2Fv2%2Fmedia&parent=36"}],"curies":[{"name":"wp","href":"https:\/\/api.w.org\/{rel}","templated":true}]}}