{"id":5,"date":"2015-07-09T10:43:40","date_gmt":"2015-07-09T10:43:40","guid":{"rendered":"https:\/\/reich-der-bilder.de\/?page_id=5"},"modified":"2024-05-06T14:14:56","modified_gmt":"2024-05-06T14:14:56","slug":"willkommen-im-reich-der-bilder","status":"publish","type":"page","link":"https:\/\/reich-der-bilder.de\/","title":{"rendered":"Willkommen im Reich der Bilder"},"content":{"rendered":"<p align=\"center\">Das Auge ist unser wichtigstes Sinnesorgan.&nbsp;Bilder k\u00f6nnen gleicherma\u00dfen Information und Emotion vermitteln.<br \/>\nWir liefern Ihnen solche Bilder und bringen sie f\u00fcr Sie&nbsp;zum Laufen&nbsp;&#8211; mit auf&nbsp;Ihre Bed\u00fcrfnisse zugeschnittenen Filmproduktionen.<\/p>\n<p align=\"center\"><video poster=\"https:\/\/reich-der-bilder.de\/wp-content\/uploads\/2015\/12\/startvideo.jpg\" autoplay=\"autoplay\" loop=\"loop\" muted=\"\" controls=\"controls\" width=\"100%\" height=\"auto\"><source src=\"https:\/\/reich-der-bilder.de\/wp-content\/uploads\/2015\/12\/startseite4.mp4\" type=\"video\/mp4\"><dieser browser=\"\" unterst=\"\" tzt=\"\" html5=\"\" video=\"\" nicht=\"\"><br \/>\n<\/dieser><\/video><\/p>\n","protected":false},"excerpt":{"rendered":"<p>Das Auge ist unser wichtigstes Sinnesorgan.&nbsp;Bilder k\u00f6nnen gleicherma\u00dfen Information und Emotion vermitteln. Wir liefern Ihnen solche Bilder und bringen sie f\u00fcr Sie&nbsp;zum Laufen&nbsp;&#8211; mit auf&nbsp;Ihre Bed\u00fcrfnisse zugeschnittenen Filmproduktionen.<\/p>\n","protected":false},"author":1,"featured_media":0,"parent":0,"menu_order":0,"comment_status":"open","ping_status":"open","template":"","meta":[],"_links":{"self":[{"href":"https:\/\/reich-der-bilder.de\/index.php?rest_route=\/wp\/v2\/pages\/5"}],"collection":[{"href":"https:\/\/reich-der-bilder.de\/index.php?rest_route=\/wp\/v2\/pages"}],"about":[{"href":"https:\/\/reich-der-bilder.de\/index.php?rest_route=\/wp\/v2\/types\/page"}],"author":[{"embeddable":true,"href":"https:\/\/reich-der-bilder.de\/index.php?rest_route=\/wp\/v2\/users\/1"}],"replies":[{"embeddable":true,"href":"https:\/\/reich-der-bilder.de\/index.php?rest_route=%2Fwp%2Fv2%2Fcomments&post=5"}],"version-history":[{"count":50,"href":"https:\/\/reich-der-bilder.de\/index.php?rest_route=\/wp\/v2\/pages\/5\/revisions"}],"predecessor-version":[{"id":1194,"href":"https:\/\/reich-der-bilder.de\/index.php?rest_route=\/wp\/v2\/pages\/5\/revisions\/1194"}],"wp:attachment":[{"href":"https:\/\/reich-der-bilder.de\/index.php?rest_route=%2Fwp%2Fv2%2Fmedia&parent=5"}],"curies":[{"name":"wp","href":"https:\/\/api.w.org\/{rel}","templated":true}]}}